68. Give q(-13).
12
Let v(j) = 43*j**3 - 3*j**2 + 49*j + 106. Calculate v(-2).
-348
Let m(y) = -y**3 - 758*y**2 + 17961*y + 56. Give m(23).
10
Let s(n) = n**2 - 78*n - 1702. Determine s(-18).
26
Let z(j) = -j**2 + 42*j + 1866. Determine z(69).
3
Let l(m) = 47*m + 379. Calculate l(5).
614
Let v(z) = 2*z**3 - 26*z**2 + 26*z - 41. What is v(12)?
-17
Let v(n) = -37*n**2 + 375*n - 63. Give v(10).
-13
Let p(q) = q**2 - 29*q + 32. Give p(1).
4
Let m(a) = 67*a - 400. Determine m(6).
2
Let i(v) = 4531*v - 27193. Determine i(6).
-7
Let b(g) = 2*g**2 - 22*g + 99. Give b(10).
79
Let m(w) = -27*w + 1575. What is m(60)?
-45
Let v(l) = -9*l - 1056. Give v(-79).
-345
Let t(h) = -74*h + 157. Give t(2).
9
Let v(f) = f**2 + 46*f - 5091. What is v(-98)?
5
Let m(f) = f**3 - 5*f**2 - 87*f + 531. Calculate m(6).
45
Let r(k) = -14*k + 34. What is r(-14)?
230
Let h(l) = l**3 + 35*l**2 - 392*l + 160. Calculate h(-44).
-16
Let x(r) = -18*r**2 - 397*r - 2119. What is x(-13)?
0
Let g(l) = -6043*l + 78533. Give g(13).
-26
Let y(s) = 2*s**3 + 14*s**2 + s - 62. What is y(-6)?
4
Let i(l) = -24*l - 226. Give i(4).
-322
Let n(l) = -l**3 - 15*l**2 - 22*l - 106. What is n(-14)?
6
Let s(x) = 85*x + 1466. Give s(-17).
21
Let r(p) = -3*p**2 - 53*p + 950. Determine r(11).
4
Let i(p) = -p**3 - 2*p**2 + 10*p - 8. Give i(-8).
296
Let y(g) = 4*g**2 + 10*g - 16. Determine y(2).
20
Let w(h) = 2*h**3 + 28*h**2 - 15*h - 5. Determine w(-14).
205
Let l(x) = -x**3 - 11*x**2 - 43*x. Calculate l(-6).
78
Let f(q) = -75*q - 14. Determine f(-1).
61
Let i(k) = -k**3 + 38*k**2 - 37*k + 32. Calculate i(37).
32
Let g(m) = -322*m**3 + 5*m - 5. Determine g(1).
-322
Let c(m) = -1237*m + 5122. Give c(4).
174
Let o(t) = -4*t**3 - 25*t**2 + 96*t + 18. What is o(3)?
-27
Let f(z) = 3*z**3 - 14*z**2 - 178*z + 742. Give f(4).
-2
Let o(h) = h**3 - 7*h**2 - 52*h + 231. Calculate o(10).
11
Let c(l) = -3*l**2 + 238*l - 480. What is c(2)?
-16
Let d(k) = -4*k**3 + 825*k**2 - 222*k + 3301. What is d(206)?
5
Let j(p) = 150*p + 589. Determine j(-4).
-11
Let a(t) = -4983*t + 9961. Calculate a(2).
-5
Let b(c) = 138*c**2 + 46*c. Give b(2).
644
Let v(y) = -335*y - 3417. Calculate v(-10).
-67
Let r(m) = 16*m**2 + 1023*m - 39. Give r(-64).
25
Let g(l) = -l**2 + 30*l - 231. Calculate g(26).
-127
Let g(a) = -7*a + 371. What is g(25)?
196
Let x(s) = s**3 - 49*s**2 - 383*s + 71. Give x(-7).
8
Let h(p) = -p**2 - 140*p - 4563. Give h(-87).
48
Let m(g) = -g**3 - 11*g**2 - 40*g - 321. Determine m(-10).
-21
Let t(r) = 45*r - 399. What is t(9)?
6
Let u(c) = 51*c**2 - 51*c - 99. Determine u(2).
3
Let z(d) = -d**3 - 50*d**2 + 219*d + 44. Give z(-54).
-118
Let w(r) = -r**2 + 42*r - 130. Calculate w(3).
-13
Let d(p) = 2*p**2 + 27*p + 94. Determine d(-15).
139
Let s(u) = 52*u**2 + 103*u + 54. What is s(-1)?
3
Let v(t) = -10*t**3 + 3*t**2 - 20*t - 39. What is v(-3)?
318
Let c(b) = 97*b + 1165. Give c(-12).
1
Let b(k) = 44*k + 3700. Give b(-85).
-40
Let l(k) = -k**2 + 236*k + 3751. Give l(-15).
-14
Let f(v) = 94*v - 10711. Give f(114).
5
Let n(d) = 265*d - 46112. What is n(174)?
-2
Let x(l) = -1008*l - 5044. What is x(-5)?
-4
Let t(f) = 27*f - 122. Determine t(7).
67
Let r(i) = i**2 + 4*i - 222. Calculate r(-18).
30
Let x(a) = -a**3 - 91*a - 19. What is x(0)?
-19
Let g(y) = -6*y**2 - 8*y + 535. Determine g(9).
-23
Let n(a) = -5212*a - 36491. Give n(-7).
-7
Let a(p) = p**3 - 7*p**2 + 14*p + 39. Determine a(-3).
-93
Let h(y) = -7*y**3 + 490*y**2 - 481*y - 153. Give h(69).
-15
Let z(j) = -j**3 + 15*j**2 - 24*j + 333. Determine z(14).
193
Let p(c) = 13*c**2 - 40*c - 44. What is p(5)?
81
Let m(i) = i**3 - 3*i**2 - 457*i - 15. Give m(23).
54
Let f(w) = 7*w**2 - 6*w + 18. Give f(-7).
403
Let h(p) = 20*p + 964. Determine h(-47).
24
Let k(m) = 8*m**2 + 35*m - 40. Determine k(-6).
38
Let h(r) = -r**3 + 20*r**2 + 24*r - 60. Calculate h(21).
3
Let a(q) = 972*q + 29158. Give a(-30).
-2
Let n(u) = u**2 - 87*u - 476. What is n(-5)?
-16
Let j(h) = h**3 - 3*h**2 - 1375*h + 2753. Calculate j(2).
-1
Let r(g) = -2*g**3 + 31*g**2 + 20*g - 84. Calculate r(16).
-20
Let g(z) = 20*z**2 + 81*z + 79. Give g(-1).
18
Let d(a) = a**3 - 7*a**2 + 331*a - 2289. Determine d(7).
28
Let x(i) = -6337*i + 82379. Give x(13).
-2
Let b(q) = q**2 - 68*q - 1648. Calculate b(-19).
5
Let t(q) = 76*q + 440. What is t(-8)?
-168
Let b(s) = 2*s**3 - 38*s**2 + 13*s - 12. Calculate b(19).
235
Let s(u) = -u**2 - 78*u - 1493. Give s(-33).
-8
Let y(n) = -3*n**2 - 22*n + 166. Give y(9).
-275
Let a(o) = -o**3 + 11*o**2 - 109*o + 830. Determine a(9).
11
Let m(h) = -h**2 + 126*h - 711. Calculate m(6).
9
Let s(n) = 17*n**3 + 2*n**2 - 7*n + 1. What is s(2)?
131
Let t(f) = -3*f**3 - 28*f**2 - 9*f - 29. Calculate t(-9).
-29
Let y(v) = 3*v**2 - 391*v - 5904. What is y(144)?
0
Let s(j) = -2*j**2 - 57*j - 307. Determine s(-22).
-21
Let j(z) = -z**2 + 6*z - 15. Calculate j(5).
-10
Let b(v) = v**3 - 28*v**2 + 48*v + 13. Determine b(2).
5
Let i(p) = -p**3 - 204*p**2 + 411*p + 5. What is i(2)?
3
Let s(j) = -349*j**2 + 5*j - 1. Give s(-1).
-355
Let m(l) = -1481*l - 8893. What is m(-6)?
-7
Let h(i) = 5*i**3 - 5*i**2 - 6*i - 4. Determine h(5).
466
Let b(q) = 624*q - 329472. What is b(528)?
0
Let n(r) = 49*r - 306. Calculate n(6).
-12
Let d(o) = -103*o - 285. Determine d(-3).
24
Let j(c) = 25*c + 1. Give j(10).
251
Let k(r) = -425*r**2 + 5524*r - 10. Determine k(13).
-23
Let d(q) = -52*q - 221. Determine d(-3).
-65
Let j(z) = 2*z**2 + 96*z + 588. Give j(-7).
14
Let c(d) = 168*d - 14599. What is c(87)?
17
Let z(y) = -y**2 + 288*y - 6. Give z(0).
-6
Let u(c) = 27*c + 806. Give u(-28).
50
Let n(a) = -42*a**2 - 328*a + 63. What is n(-8)?
-1
Let z(m) = m**3 + 122*m**2 - 503*m + 135. Determine z(-126).
9
Let y(u) = 994*u + 51699. Give y(-52).
11
Let l(z) = 2*z**3 + 26*z**2 - 25*z + 39. Determine l(-14).
-3
Let c(j) = j**3 - 22*j**2 + 57*j + 95. Determine c(18).
-175
Let m(i) = -1321*i - 6627. What is m(-5)?
-22
Let t(v) = 13*v**2 - 22*v - 130. Determine t(-7).
661
Let f(c) = 5*c**2 + 26*c - 51. What is f(-7)?
12
Let i(s) = -56*s - 449. Give i(-8).
-1
Let m(t) = -9*t + 74. Calculate m(24).
-142
Let o(y) = 2*y**2 - 359*y + 12098. Determine o(45).
-7
Let x(t) = -2*t**2 - 43*t + 500. What is x(13)?
-397
Let u(q) = 6*q**2 - 156*q - 411. Calculate u(28).
-75
Let u(z) = -4*z**2 + 54*z + 349. What is u(-5)?
-21
Let k(r) = r**3 - r**2 - 4*r + 6. Give k(2).
2
Let s(h) = -12*h**3 + 4*h**2 - 20*h + 16. Determine s(1).
-12
Let p(r) = -29*r + 174. Calculate p(6).
0
Let c(u) = -107*u - 1759. Calculate c(-16).
-47
Let u(v) = 18*v - 615. What is u(34)?
-3
Let l(b) = b**3 + 10*b**2 + 81*b + 1046. Give l(-11).
34
Let o(a) = 9*a**2 - 22*a + 44. Calculate o(5).
159
Let c(d) = 15*d - 348. Determine c(19).
-63
Let c(t) = -6600*t + 13205. Give c(2).
5
Let l(c) = -3*c**2 + 118*c + 165. Determine l(40).
85
Let r(y) = 5*y - 183. Determine r(14).
-113
Let l(k) = -93*k**2 + 10*k. Give l(2).
-352
Let h(v) = 2*v**3 + 18*v**2 + 4*v + 13. Determine h(-6).
205
Let l(n) = -3*n**2 + 316*n - 4949. Calculate l(17).
-444
Let t(u) = 41*u + 1077. What is t(-25)?
52
Let h(o) = -38*o - 149. Determine h(-4).
3
Let b(r) = 51*r**2 - 82*r - 27. What is b(2)?
13
Let l(q) = 5*q**2 - 6*q - 82. Calculate l(0).
-82
Let i(f) = -f**3 - 23*f**2 - 12*f + 68. Give i(-22).
-152
Let u(y) = 5*y**2 - 26*y + 2. Give u(5).
-3
Let x(i) = -2*i**3 - 20*i**2 - 27. Determine x(-10).
-27
Let g(r) = -r**3 - 24*r**2 - 29*r + 42. Calculate g(-22).
-288
Let a(u) = -65*u - 733. Give a(-12).
47
Let j(g) = 8*g**2 - 78*g + 225. Calculate j(3).
63
Let z(w) = -2*w**3 - 26*w**2 + 60*w + 7. Calculate z(-15).
7
Let k(j) = j**2 + 164*j - 338. What is k(0)?
-338
Let s(h) = 54*h**3 - 865*h**2 + 14*h + 28. Give s(16).
-4
Let p(t) = -3*t**3 - 56*t**2 - 24*t - 35. Give p(-18).
-251
Let s(i) = 3*i**3 - 73*i**2 - 65*i - 77. Determine s(25).
-452
Let q(m) = 6*m**3 - 3*m**2 + 253*m + 523. What is q(-2)?
-43
Let i(t) = -3*t**2 + 12*t + 98. Give i(6).
62
Let j(c) = -7*c**2 - 45*c + 115. Calculate j(2).
-3
Let d(p) = p**2 + 551*p + 3783. Give d(-7).
-25
Let l(z) = -3*z**2 - 52*z - 24. Determine l(-18).
-60
Let n(k) = -3*k**2 + 9*k + 48. Give n(7).
-36
Let z(h) = -12*h - 29. What is z(-7)?
55
Let y(b) = -14*b**2 - 13*b + 49. Determine y(4).
-227
Let d(k) = -2*k**2 - 54*k - 89. Calculate d(-26).
-37
Let h(c) = c